3?
-4c7
In base 10, what is 489 + 154?
643
In base 9, what is 47 - -13085?
13143
In base 5, what is 10422023 - 20?
10422003
In base 16, what is -16 + 565?
54f
In base 11, what is 0 - 81867?
-81867
In base 7, what is -1642335 + -10?
-1642345
In base 5, what is 113140 + -1141?
111444
In base 16, what is 21a1 + 2?
21a3
In base 7, what is -12055 + 53?
-12002
In base 11, what is 9a - 148?
-59
In base 3, what is -1120002002102 - -11?
-1120002002021
In base 3, what is -11112102111 - 10?
-11112102121
In base 4, what is 213 - -232?
1111
In base 15, what is -153143 - -5?
-15313d
In base 10, what is -38365 - -4?
-38361
In base 8, what is -1 + 4553?
4552
In base 10, what is 436 - -581?
1017
In base 8, what is -4 - 24562?
-24566
In base 2, what is 110101 - -1101010111?
1110001100
In base 9, what is 12 - 8676?
-8664
In base 2, what is 10101101000 + -11?
10101100101
In base 15, what is -7 + -93e8?
-9400
In base 11, what is -12821 - -10?
-12811
In base 6, what is 2 - -20225004?
20225010
In base 11, what is -2 + 19322?
19320
In base 14, what is 1a + -162a?
-1610
In base 12, what is -2 - -210a35?
210a33
In base 4, what is 10022 - 2130?
1232
In base 14, what is 6 + -7d7?
-7d1
In base 12, what is 88836 + -2?
88834
In base 15, what is 2d + 90a2?
90d0
In base 12, what is -2b13 - -10?
-2b03
In base 9, what is -1127840 + -3?
-1127843
In base 7, what is 1522 + 1444?
3266
In base 6, what is -45001 - -43?
-44514
In base 4, what is -32132102 - -1?
-32132101
In base 16, what is 49 + -5d?
-14
In base 14, what is -4c + -316?
-364
In base 10, what is 10761 + 93?
10854
In base 5, what is -3 + -4120301?
-4120304
In base 8, what is -303304 + 6?
-303276
In base 9, what is 145000 + -1?
144888
In base 8, what is 175 + -27?
146
In base 12, what is 5a325 - -3?
5a328
In base 4, what is 1301 - -2030133?
2032100
In base 13, what is -3a + -c5?
-132
In base 3, what is -1112011201 - 1010?
-1112012211
In base 10, what is 56287 + -5?
56282
In base 2, what is 11 - -1001100111000100100?
1001100111000100111
In base 7, what is 15 + -330525?
-330510
In base 12, what is 561 + -34b?
212
In base 8, what is 1073 + -35?
1036
In base 15, what is -166e - 8?
-1677
In base 12, what is -1023 - -8b?
-b54
In base 12, what is -6 - 679a8?
-679b2
In base 12, what is -155 - 35?
-18a
In base 12, what is 80a + -1110?
-502
In base 3, what is 101120011 - 22?
101112212
In base 4, what is 2100321 + -2?
2100313
In base 10, what is -5 + 14501?
14496
In base 14, what is 4c14b + -2?
4c149
In base 12, what is -21679 + -15?
-21692
In base 10, what is 59238 + 2?
59240
In base 4, what is 21220 - 32?
21122
In base 9, what is 25006 + 4?
25011
In base 11, what is -6162 + a6?
-6067
In base 10, what is -3998 - -18?
-3980
In base 8, what is -712 - 140?
-1052
In base 10, what is -53 + -5136?
-5189
In base 13, what is 359972 - 1?
359971
In base 14, what is 5 - -d4d9?
d500
In base 5, what is -103400 + -443?
-104343
In base 13, what is 11 + 4127?
4138
In base 12, what is -10b + -87?
-196
In base 10, what is -5736 - 5?
-5741
In base 12, what is -1b6b - 26?
-1b95
In base 5, what is 2310402233 - 2?
2310402231
In base 7, what is -6 + -222605?
-222614
In base 3, what is 11 - -1222121010201?
1222121010212
In base 6, what is 32 + 134333?
134405
In base 14, what is -1 - -19b9d5?
19b9d4
In base 8, what is -441736 - -26?
-441710
In base 10, what is -10 - -147184?
147174
In base 4, what is 10031 + -2000?
2031
In base 16, what is 3 + 4973?
4976
In base 2, what is 1000011001010 - 100001100?
111110111110
In base 6, what is -35143 + -13?
-35200
In base 2, what is -100101100100 - -1000?
-100101011100
In base 5, what is 0 - -3212004?
3212004
In base 14, what is 2 + 1531b?
1531d
In base 5, what is -141124142 - 10?
-141124202
In base 12, what is -86144 - -2?
-86142
In base 2, what is -100000111011010 + 111100?
-100000110011110
In base 8, what is -5455032 + 5?
-5455025
In base 4, what is 2 - 211313311?
-211313303
In base 2, what is 100011 - -100001011011?
100001111110
In base 13, what is 15 + c61?
c76
In base 13, what is 118047 - -4?
11804b
In base 14, what is 0 - -682?
682
In base 10, what is -1 - 20833?
-20834
In base 8, what is 467562 - -23?
467605
In base 16, what is 400d + 1?
400e
In base 9, what is 55704 + 7?
55712
In base 15, what is -3 + -1c5dc0?
-1c5dc3
In base 7, what is -2 - -63000?
62665
In base 15, what is -67ad + -1?
-67ae
In base 2, what is -1100111010 + 11000010?
-1001111000
In base 8, what is 32 - 4644?
-4612
In base 11, what is 7 + 34316?
34322
In base 15, what is 14a + -56?
e4
In base 4, what is 212 - -2122320?
2123132
In base 8, what is -42 - -4533?
4471
In base 16, what is -89ce + -3a?
-8a08
In base 11, what is 104 + -12?
a2
In base 4, what is 32020 - 31?
31323
In base 10, what is 21 - -1174?
1195
In base 8, what is -643132 - 3?
-643135
In base 2, what is -101110110111111100110 + -11?
-101110110111111101001
In base 8, what is 2 + 367057?
367061
In base 16, what is -1c612 - 4?
-1c616
In base 9, what is 67 - 183?
-115
In base 3, what is -22 - -11002201121?
11002201022
In base 3, what is 202221002 + -21?
202220211
In base 14, what is -3 - -1003?
1000
In base 4, what is 2 - -103333312?
103333320
In base 2, what is -11011110011110100100011 + 1?
-11011110011110100100010
In base 10, what is 15145 + -3?
15142
In base 3, what is 10 - -212210002011?
212210002021
In base 11, what is 39348 - -2?
3934a
In base 3, what is 10012 + 10121111001?
10121121020
In base 11, what is 167a3 + -48?
16756
In base 11, what is 60 + 455?
505
In base 2, what is 1001111011001111001 + -10?
1001111011001110111
In base 11, what is -37 + 7318?
7291
In base 5, what is -3 + -41344133?
-41344141
In base 14, what is 14 - 299a4?
-29990
In base 12, what is -5309a - 4?
-530a2
In base 4, what is -1023211221 - -3?
-1023211212
In base 6, what is 121430 - -321?
122151
In base 14, what is 45 - c7?
-82
In base 7, what is 2 + 1321106?
1321111
In base 7, what is 1511 - -62?
1603
In base 4, what is 10032 - 1022?
3010
In base 5, what is 20224340 - -4?
20224344
In base 4, what is -1201303 - 1110?
-1203013
In base 15, what is -1e - a77?
-a96
In base 15, what is -52 + -45da?
-463c
In base 9, what is 334 + -442?
-107
In base 9, what is -8736 + -11?
-8747
In base 12, what is 8 - 1605?
-15b9
In base 15, what is 75 + -4bd?
-448
In base 6, what is -130 - -24153?
24023
In base 16, what is 15f - -5a0?
6ff
In base 7, what is 12054 + -255?
11466
In base 8, what is 1271365 + -1?
1271364
In base 9, what is -38318 - 0?
-38318
In base 16, what is -28aca - -d?
-28abd
In base 4, what is 1332131221 + 2?
1332131223
In base 7, what is 2 + -31363?
-31361
In base 14, what is 15162 - -26?
15188
In base 2, what is -1001101 - 101000111?
-110010100
In base 8, what is -666352 - 4?
-666356
In base 14, what is -2 - 8881?
-8883
In base 5, what is -23 + 12002242?
12002214
In base 3, what is -100 + -2200110121?
-2200110221
In base 13, what is -5 - 1c99?
-1ca1
In base 15, what is 17 + 2e5?
30c
In base 14, what is -13c7 + -4?
-13cb
In base 13, what is 1664 - 524?
1140
In base 2, what is 101 + -10110011100011101?
-10110011100011000
In base 16, what is 4911e - -3?
49121
In base 13, what is 26 - 16742?
-16719
In base 10, what is 1915 + -7?
1908
In base 11, what is 4913a - 1?
49139
In base 6, what is -23425 - 205?
-24034
In base 12, what is -840 - b1?
-931
In base 6, what is -34502 - 115?
-35021
In base 4, what is -312 + 1133222?
1132310
In base 8, what is -23 + 621046?
621023
In base 10, what is 61018 + 3?
61021
In base 12, what is 244bb6 + 0?
244bb6
In base 9, what is 12 - -55008?
55021
In base 4, what is 3033111 + 1?
3033112
In base 2, what is -110011011000 - 10000?
-110011101000
In base 6, what is -10 - -21023045?
21023035
In base 2, what is 10001111100000 + -100?
10001111011100
In base 7, what is 2251411 - 2?
2251406
In base 4, what is 100130132 + -23?
100130103
In base 8, what is 4132736 - -5?
4132743
In base 15, what is -13 + 316?
303
In base 7, what is 21006 - -12?
21021
In base 6, what is -15031 - 24?
-15055
In base 4, what is 10220103 - -3?
10220112
In base 14, what is -5 + 5513?
550c
In base 14, what is -14 - -96901?
968cb
In base 16, what is -18ca6 - -6?
-18ca0
In base 16, what is -dac + -11?
-dbd
In base 8, what is -4 + 440?
434
In base 16, what is 652 + -7?
64b
In base 6, what is 1155 + 325?
1524
In base 